{"id":19,"date":"2020-06-21T23:48:12","date_gmt":"2020-06-21T20:48:12","guid":{"rendered":"http:\/\/abdulvahitbayrakci.av.tr\/?page_id=19"},"modified":"2020-07-22T15:51:16","modified_gmt":"2020-07-22T12:51:16","slug":"kurumsal","status":"publish","type":"page","link":"https:\/\/abdulvahitbayrakci.av.tr\/?page_id=19","title":{"rendered":"KURUMSAL"},"content":{"rendered":"\n<p><\/p>\n\n\n\n<div class=\"wp-block-image\"><figure class=\"alignleft size-large is-resized\"><img decoding=\"async\" loading=\"lazy\" src=\"http:\/\/abdulvahitbayrakci.av.tr\/wp-content\/uploads\/2020\/07\/abdulvahitbayrakcihukuk.jpg\" alt=\"\" class=\"wp-image-131\" width=\"210\" height=\"290\" srcset=\"https:\/\/abdulvahitbayrakci.av.tr\/wp-content\/uploads\/2020\/07\/abdulvahitbayrakcihukuk.jpg 686w, https:\/\/abdulvahitbayrakci.av.tr\/wp-content\/uploads\/2020\/07\/abdulvahitbayrakcihukuk-217x300.jpg 217w\" sizes=\"(max-width: 210px) 100vw, 210px\" \/><\/figure><\/div>\n\n\n\n<p>\u0130stanbul \u00dcniversitesi Hukuk fak\u00fcltesi mezun olduktan sonra, kendi b\u00fcromda T\u00fcm hukuk sorunlar\u0131n\u0131zda avukatl\u0131k, hukuk m\u00fc\u015favirli\u011fi g\u00f6revlerinde hizmet vermekteyiz.<\/p>\n\n\n\n<p>Ger\u00e7ek ve t\u00fczel ki\u015fi m\u00fcvekkillerine dan\u0131\u015fmanl\u0131k ve avukatl\u0131k hizmeti kapsam\u0131nda m\u00fcvekkillerinin uzun ve yorucu adli s\u00fcre\u00e7lerle kar\u015f\u0131 kar\u015f\u0131ya kalmamas\u0131 i\u00e7in \u00f6ncelikle \u00f6nleyici hukuk hizmeti sunmay\u0131 hedeflemektedir. Bununla birlikte meydana gelen her hukuki uyu\u015fmazl\u0131kta da titiz bir \u00e7al\u0131\u015fma ve ihtiyaca uygun \u00e7\u00f6z\u00fcmlerle m\u00fcvekkillerine avukatl\u0131k ve dan\u0131\u015fmanl\u0131k hizmeti sunmaktad\u0131r.<\/p>\n","protected":false},"excerpt":{"rendered":"<p>\u0130stanbul \u00dcniversitesi Hukuk fak\u00fcltesi mezun olduktan sonra, kendi b\u00fcromda T\u00fcm hukuk sorunlar\u0131n\u0131zda avukatl\u0131k, hukuk m\u00fc\u015favirli\u011fi g\u00f6revlerinde hizmet vermekteyiz. Ger\u00e7ek ve t\u00fczel ki\u015fi m\u00fcvekkillerine dan\u0131\u015fmanl\u0131k ve avukatl\u0131k hizmeti kapsam\u0131nda m\u00fcvekkillerinin uzun ve yorucu adli s\u00fcre\u00e7lerle kar\u015f\u0131 kar\u015f\u0131ya kalmamas\u0131 i\u00e7in \u00f6ncelikle \u00f6nleyici hukuk hizmeti sunmay\u0131 hedeflemektedir. Bununla birlikte meydana gelen her hukuki uyu\u015fmazl\u0131kta da titiz bir \u00e7al\u0131\u015fma [&hellip;]<\/p>\n","protected":false},"author":1,"featured_media":0,"parent":0,"menu_order":1,"comment_status":"closed","ping_status":"closed","template":"","meta":[],"_links":{"self":[{"href":"https:\/\/abdulvahitbayrakci.av.tr\/index.php?rest_route=\/wp\/v2\/pages\/19"}],"collection":[{"href":"https:\/\/abdulvahitbayrakci.av.tr\/index.php?rest_route=\/wp\/v2\/pages"}],"about":[{"href":"https:\/\/abdulvahitbayrakci.av.tr\/index.php?rest_route=\/wp\/v2\/types\/page"}],"author":[{"embeddable":true,"href":"https:\/\/abdulvahitbayrakci.av.tr\/index.php?rest_route=\/wp\/v2\/users\/1"}],"replies":[{"embeddable":true,"href":"https:\/\/abdulvahitbayrakci.av.tr\/index.php?rest_route=%2Fwp%2Fv2%2Fcomments&post=19"}],"version-history":[{"count":3,"href":"https:\/\/abdulvahitbayrakci.av.tr\/index.php?rest_route=\/wp\/v2\/pages\/19\/revisions"}],"predecessor-version":[{"id":132,"href":"https:\/\/abdulvahitbayrakci.av.tr\/index.php?rest_route=\/wp\/v2\/pages\/19\/revisions\/132"}],"wp:attachment":[{"href":"https:\/\/abdulvahitbayrakci.av.tr\/index.php?rest_route=%2Fwp%2Fv2%2Fmedia&parent=19"}],"curies":[{"name":"wp","href":"https:\/\/api.w.org\/{rel}","templated":true}]}}