{"id":46,"date":"2020-06-21T23:59:25","date_gmt":"2020-06-21T20:59:25","guid":{"rendered":"http:\/\/abdulvahitbayrakci.av.tr\/?page_id=46"},"modified":"2020-07-25T11:05:50","modified_gmt":"2020-07-25T08:05:50","slug":"aile-hukuku","status":"publish","type":"page","link":"https:\/\/abdulvahitbayrakci.av.tr\/?page_id=46","title":{"rendered":"Aile Hukuku"},"content":{"rendered":"\n<p><strong>Aile hukuku<\/strong>,&nbsp;<a href=\"https:\/\/tr.wikipedia.org\/wiki\/Aile\">aileye<\/a>&nbsp;ili\u015fkin konularla ilgilenen, medeni hukukun kapsam\u0131 i\u00e7inde yer alan bir&nbsp;<a href=\"https:\/\/tr.wikipedia.org\/wiki\/Hukuk\">hukuk<\/a>&nbsp;dal\u0131d\u0131r. Aile hukukunun ba\u015fl\u0131ca konular\u0131&nbsp;<a href=\"https:\/\/tr.wikipedia.org\/w\/index.php?title=Ni%C5%9Fanlanma&amp;action=edit&amp;redlink=1\">ni\u015fanlanma<\/a>,&nbsp;<a href=\"https:\/\/tr.wikipedia.org\/wiki\/Evlenme\">evlenmenin<\/a>&nbsp;ko\u015fullar\u0131 ve h\u00fck\u00fcmleri,&nbsp;<a href=\"https:\/\/tr.wikipedia.org\/wiki\/Bo%C5%9Fanma\">bo\u015fanman\u0131n<\/a>&nbsp;ko\u015fullar\u0131 ve sonu\u00e7lar\u0131,&nbsp;<a href=\"https:\/\/tr.wikipedia.org\/w\/index.php?title=Mal_rejimleri&amp;action=edit&amp;redlink=1\">mal rejimleri<\/a>,&nbsp;<a href=\"https:\/\/tr.wikipedia.org\/w\/index.php?title=Aile_konutu&amp;action=edit&amp;redlink=1\">aile konutu<\/a>,&nbsp;<a href=\"https:\/\/tr.wikipedia.org\/w\/index.php?title=Soyba%C4%9F%C4%B1&amp;action=edit&amp;redlink=1\">soyba\u011f\u0131<\/a>,&nbsp;<a href=\"https:\/\/tr.wikipedia.org\/wiki\/Evlat_edinme\">evlat edinme<\/a>,&nbsp;<a href=\"https:\/\/tr.wikipedia.org\/wiki\/Velayet\">velayet<\/a>, \u00e7ocu\u011fun&nbsp;<a href=\"https:\/\/tr.wikipedia.org\/w\/index.php?title=Nafaka&amp;action=edit&amp;redlink=1\">nafaka<\/a>&nbsp;hakk\u0131,&nbsp;<a href=\"https:\/\/tr.wikipedia.org\/w\/index.php?title=Vesayet&amp;action=edit&amp;redlink=1\">vesayet<\/a>,&nbsp;<a href=\"https:\/\/tr.wikipedia.org\/w\/index.php?title=Kayy%C4%B1ml%C4%B1k&amp;action=edit&amp;redlink=1\">kayy\u0131ml\u0131k<\/a>,&nbsp;<a href=\"https:\/\/tr.wikipedia.org\/w\/index.php?title=Yasal_dan%C4%B1%C5%9Fmanl%C4%B1k&amp;action=edit&amp;redlink=1\">yasal dan\u0131\u015fmanl\u0131k<\/a>,&nbsp;<a href=\"https:\/\/tr.wikipedia.org\/w\/index.php?title=Yard%C4%B1m_nafakas%C4%B1&amp;action=edit&amp;redlink=1\">yard\u0131m nafakas\u0131d\u0131r<\/a>.&nbsp;<a href=\"https:\/\/tr.wikipedia.org\/wiki\/Kad%C4%B1n_haklar%C4%B1\">Kad\u0131n haklar\u0131<\/a>&nbsp;ve&nbsp;<a href=\"https:\/\/tr.wikipedia.org\/wiki\/%C3%87ocuk_haklar%C4%B1\">\u00e7ocuk haklar\u0131<\/a>, ba\u015fl\u0131 ba\u015f\u0131na ayr\u0131 inceleme alan\u0131 olu\u015ftursa da aile hukukunun da ilgi alan\u0131 i\u00e7indedir.<\/p>\n\n\n\n<p>Kay\u0131tl\u0131 ya da kay\u0131ts\u0131z ya\u015fam arkada\u015fl\u0131klar\u0131 da aile hukukunun konusu i\u00e7inde yer al\u0131r. Kay\u0131tl\u0131 ya\u015fam arkada\u015fl\u0131\u011f\u0131 T\u00fcrk hukukunda d\u00fczenlenmemi\u015ftir. Evlilik d\u0131\u015f\u0131 ya\u015fam arkada\u015fl\u0131\u011f\u0131na ba\u011flanan herhangi bir hak bulunmaz, bununla birlikte \u00e7ocuklar ister evlilik i\u00e7inde ister evlilik d\u0131\u015f\u0131nda do\u011fsun e\u015fit haklardan yararlan\u0131r.<\/p>\n\n\n\n<p><a href=\"https:\/\/tr.wikipedia.org\/wiki\/Aile_i%C3%A7i_%C5%9Fiddet\">Aile i\u00e7i \u015fiddet<\/a>,&nbsp;<a href=\"https:\/\/tr.wikipedia.org\/wiki\/Ta%C5%9F%C4%B1y%C4%B1c%C4%B1_annelik\">ta\u015f\u0131y\u0131c\u0131 annelik<\/a>,&nbsp;<a href=\"https:\/\/tr.wikipedia.org\/w\/index.php?title=Yapay_d%C3%B6llenme&amp;action=edit&amp;redlink=1\">yapay d\u00f6llenme<\/a>,&nbsp;<a href=\"https:\/\/tr.wikipedia.org\/wiki\/%C3%87ocuk_istismar%C4%B1\">\u00e7ocuk istismar\u0131<\/a>&nbsp;ve&nbsp;<a href=\"https:\/\/tr.wikipedia.org\/w\/index.php?title=%C3%87ocuk_ka%C3%A7%C4%B1rma&amp;action=edit&amp;redlink=1\">\u00e7ocuk ka\u00e7\u0131rma<\/a>&nbsp;gibi kad\u0131n haklar\u0131 ya da \u00e7ocuk haklar\u0131 kapsam\u0131nda ele al\u0131nan konular gerek uluslararas\u0131 s\u00f6zle\u015fmelerde gerek i\u00e7 hukukta \u00f6zel olarak d\u00fczenlenmektedir.<\/p>\n\n\n\n<p>Aile hukuku kapsam\u0131nda T\u00fcrk Medeni Kanunu&#8217;nda ve di\u011fer baz\u0131 \u00f6zel yasalarda d\u00fczenlenen konulara ili\u015fkin uyu\u015fmazl\u0131klar aile mahkemelerinde g\u00f6r\u00fcl\u00fcr. Aile mahkemeleri, uzmanl\u0131k mahkemelerinden olup sosyal \u00e7al\u0131\u015fmac\u0131, ruhbilimci gibi alanda \u00e7al\u0131\u015fan ki\u015filerin yard\u0131m\u0131ndan yararlan\u0131ld\u0131\u011f\u0131 mahkemelerdir. Ayr\u0131ca aile mahkemesi yarg\u0131\u00e7lar\u0131n\u0131n atamas\u0131nda da aile hukuku konusunda uzman olup olmad\u0131\u011f\u0131na ve evli ya da \u00e7ocuklu olup olmad\u0131\u011f\u0131na bak\u0131larak bu nitelikleri ta\u015f\u0131yan ki\u015filer atamada ye\u011flenir.<\/p>\n\n\n\n<p>Kaynak : <a href=\"https:\/\/tr.wikipedia.org\/wiki\/Aile_hukuku\">https:\/\/tr.wikipedia.org\/wiki\/Aile_hukuku<\/a><\/p>\n","protected":false},"excerpt":{"rendered":"<p>Aile hukuku,&nbsp;aileye&nbsp;ili\u015fkin konularla ilgilenen, medeni hukukun kapsam\u0131 i\u00e7inde yer alan bir&nbsp;hukuk&nbsp;dal\u0131d\u0131r. Aile hukukunun ba\u015fl\u0131ca konular\u0131&nbsp;ni\u015fanlanma,&nbsp;evlenmenin&nbsp;ko\u015fullar\u0131 ve h\u00fck\u00fcmleri,&nbsp;bo\u015fanman\u0131n&nbsp;ko\u015fullar\u0131 ve sonu\u00e7lar\u0131,&nbsp;mal rejimleri,&nbsp;aile konutu,&nbsp;soyba\u011f\u0131,&nbsp;evlat edinme,&nbsp;velayet, \u00e7ocu\u011fun&nbsp;nafaka&nbsp;hakk\u0131,&nbsp;vesayet,&nbsp;kayy\u0131ml\u0131k,&nbsp;yasal dan\u0131\u015fmanl\u0131k,&nbsp;yard\u0131m nafakas\u0131d\u0131r.&nbsp;Kad\u0131n haklar\u0131&nbsp;ve&nbsp;\u00e7ocuk haklar\u0131, ba\u015fl\u0131 ba\u015f\u0131na ayr\u0131 inceleme alan\u0131 olu\u015ftursa da aile hukukunun da ilgi alan\u0131 i\u00e7indedir. Kay\u0131tl\u0131 ya da kay\u0131ts\u0131z ya\u015fam arkada\u015fl\u0131klar\u0131 da aile hukukunun konusu i\u00e7inde yer al\u0131r. Kay\u0131tl\u0131 ya\u015fam [&hellip;]<\/p>\n","protected":false},"author":1,"featured_media":0,"parent":21,"menu_order":2,"comment_status":"closed","ping_status":"closed","template":"","meta":[],"_links":{"self":[{"href":"https:\/\/abdulvahitbayrakci.av.tr\/index.php?rest_route=\/wp\/v2\/pages\/46"}],"collection":[{"href":"https:\/\/abdulvahitbayrakci.av.tr\/index.php?rest_route=\/wp\/v2\/pages"}],"about":[{"href":"https:\/\/abdulvahitbayrakci.av.tr\/index.php?rest_route=\/wp\/v2\/types\/page"}],"author":[{"embeddable":true,"href":"https:\/\/abdulvahitbayrakci.av.tr\/index.php?rest_route=\/wp\/v2\/users\/1"}],"replies":[{"embeddable":true,"href":"https:\/\/abdulvahitbayrakci.av.tr\/index.php?rest_route=%2Fwp%2Fv2%2Fcomments&post=46"}],"version-history":[{"count":2,"href":"https:\/\/abdulvahitbayrakci.av.tr\/index.php?rest_route=\/wp\/v2\/pages\/46\/revisions"}],"predecessor-version":[{"id":150,"href":"https:\/\/abdulvahitbayrakci.av.tr\/index.php?rest_route=\/wp\/v2\/pages\/46\/revisions\/150"}],"up":[{"embeddable":true,"href":"https:\/\/abdulvahitbayrakci.av.tr\/index.php?rest_route=\/wp\/v2\/pages\/21"}],"wp:attachment":[{"href":"https:\/\/abdulvahitbayrakci.av.tr\/index.php?rest_route=%2Fwp%2Fv2%2Fmedia&parent=46"}],"curies":[{"name":"wp","href":"https:\/\/api.w.org\/{rel}","templated":true}]}}