{"id":52,"date":"2020-06-22T00:04:07","date_gmt":"2020-06-21T21:04:07","guid":{"rendered":"http:\/\/abdulvahitbayrakci.av.tr\/?page_id=52"},"modified":"2020-07-25T11:06:55","modified_gmt":"2020-07-25T08:06:55","slug":"gayrimenkul-hukuku","status":"publish","type":"page","link":"https:\/\/abdulvahitbayrakci.av.tr\/?page_id=52","title":{"rendered":"Gayrimenkul Hukuku"},"content":{"rendered":"\n<p>\u00dclkemizde gayrimenkuller ile ilgili hukuki uyu\u015fmazl\u0131klar\u0131n s\u0131k g\u00f6r\u00fclmesi gayrimenkul hukuku nedir sorusunun daha \u00e7ok g\u00fcndeme gelmesine yol a\u00e7maktad\u0131r. Gayrimenkul hukuku istisnalar\u0131n fazla oldu\u011fu bu nedenle hukuki yard\u0131m almaks\u0131z\u0131n uyu\u015fmazl\u0131klar\u0131n \u00e7\u00f6z\u00fcme kavu\u015fturulmas\u0131nda zorluk ya\u015fanabilecek detayl\u0131 bir hukuk dal\u0131d\u0131r. Gayrimenkul avukatlar\u0131 gerek bu hukuk dal\u0131 ile ilgili davalarda taraflar\u0131 temsil etme gerekse konu ile ilgili dan\u0131\u015fmanl\u0131k hizmeti verme hususunda g\u00f6rev yapmaktad\u0131r. \u00dclkemiz vatanda\u015flar\u0131n\u0131n yan\u0131 s\u0131ra yabanc\u0131lar\u0131n da burada m\u00fclk edinme talepleri nedeniyle gayrimenkul hukuku ile ilgili sorunlarla kar\u015f\u0131la\u015fma ihtimali y\u00fcksektir ve bu alanda \u201cl\u0131\u011f\u0131 olan, mevzuattaki detaylara h\u00e2kim hukuk\u00e7ulardan destek almak sorunun \u00e7\u00f6z\u00fcm\u00fcne katk\u0131 sa\u011flayacakt\u0131r.<\/p>\n\n\n\n<h2><strong>Gayrimenkul Hukuku Nedir ve Hangi Hususlar\u0131 Kapsar?<\/strong><\/h2>\n\n\n\n<p>Gayrimenkul hukuku nedir sorusunun yan\u0131nda cevaplanmas\u0131 gereken bir ba\u015fka soru da bu hukuk dal\u0131n\u0131n hangi konular\u0131 kapsad\u0131\u011f\u0131 sorusudur. \u0130rtifak hakk\u0131 kurulmas\u0131 ve \u00f6n al\u0131m davalar\u0131 ile istihkak ve kamula\u015ft\u0131rma davalar\u0131 gayrimenkul hukukunun kapsam\u0131na d\u00e2hildir. Ayr\u0131ca ipotek uyu\u015fmazl\u0131klar\u0131, elatman\u0131n \u00f6nlenmesi ve izale-i \u015f\u00fcyu davalar\u0131 da bu kapsamda g\u00f6r\u00fclmektedir. Gayrimenkul hukuku ayn\u0131 zamanda kira bedelinin belirlenmesi i\u00e7in a\u00e7\u0131lacak davalar ile tahliye davalar\u0131n\u0131n g\u00f6r\u00fclmesinde ve tapu davalar\u0131nda kullan\u0131lmaktad\u0131r. Tapu davalar\u0131; kay\u0131t d\u00fczeltme, iptal veya tescil \u015feklinde olabilece\u011fi gibi ki\u015filer ile idare aras\u0131ndaki ihtilaflardan da kaynaklanabilmektedir.<\/p>\n\n\n\n<h3><strong>Gayrimenkul Hukuku Nedir ve Dan\u0131\u015fmanl\u0131k Hizmeti Verilmekte Midir?<\/strong><\/h3>\n\n\n\n<p>Gayrimenkul hukuku nedir sorusunun olduk\u00e7a ayr\u0131nt\u0131l\u0131 bir cevab\u0131 bulunmaktad\u0131r. Detaylar\u0131n \u00e7ok olmas\u0131 bu alandaki davalar\u0131n fazla olmas\u0131na yol a\u00e7t\u0131\u011f\u0131 gibi bu alanda sorun ya\u015famak istemeyen ki\u015filerin dan\u0131\u015fmanl\u0131k hizmeti almaya y\u00f6nelmesini de beraberinde getirmektedir. Dan\u0131\u015fmanl\u0131k hizmeti kapsam\u0131nda gayrimenkullerin al\u0131m, sat\u0131m ve de\u011ferlemesi ile ilgili bilgi alabilir ve sat\u0131\u015f vaadi ya da kiralama s\u00f6zle\u015fmelerinin kurallara uygun olarak haz\u0131rlanmas\u0131n\u0131 sa\u011flayabilirsiniz.<\/p>\n","protected":false},"excerpt":{"rendered":"<p>\u00dclkemizde gayrimenkuller ile ilgili hukuki uyu\u015fmazl\u0131klar\u0131n s\u0131k g\u00f6r\u00fclmesi gayrimenkul hukuku nedir sorusunun daha \u00e7ok g\u00fcndeme gelmesine yol a\u00e7maktad\u0131r. Gayrimenkul hukuku istisnalar\u0131n fazla oldu\u011fu bu nedenle hukuki yard\u0131m almaks\u0131z\u0131n uyu\u015fmazl\u0131klar\u0131n \u00e7\u00f6z\u00fcme kavu\u015fturulmas\u0131nda zorluk ya\u015fanabilecek detayl\u0131 bir hukuk dal\u0131d\u0131r. Gayrimenkul avukatlar\u0131 gerek bu hukuk dal\u0131 ile ilgili davalarda taraflar\u0131 temsil etme gerekse konu ile ilgili dan\u0131\u015fmanl\u0131k hizmeti [&hellip;]<\/p>\n","protected":false},"author":1,"featured_media":97,"parent":21,"menu_order":4,"comment_status":"closed","ping_status":"closed","template":"","meta":[],"_links":{"self":[{"href":"https:\/\/abdulvahitbayrakci.av.tr\/index.php?rest_route=\/wp\/v2\/pages\/52"}],"collection":[{"href":"https:\/\/abdulvahitbayrakci.av.tr\/index.php?rest_route=\/wp\/v2\/pages"}],"about":[{"href":"https:\/\/abdulvahitbayrakci.av.tr\/index.php?rest_route=\/wp\/v2\/types\/page"}],"author":[{"embeddable":true,"href":"https:\/\/abdulvahitbayrakci.av.tr\/index.php?rest_route=\/wp\/v2\/users\/1"}],"replies":[{"embeddable":true,"href":"https:\/\/abdulvahitbayrakci.av.tr\/index.php?rest_route=%2Fwp%2Fv2%2Fcomments&post=52"}],"version-history":[{"count":2,"href":"https:\/\/abdulvahitbayrakci.av.tr\/index.php?rest_route=\/wp\/v2\/pages\/52\/revisions"}],"predecessor-version":[{"id":98,"href":"https:\/\/abdulvahitbayrakci.av.tr\/index.php?rest_route=\/wp\/v2\/pages\/52\/revisions\/98"}],"up":[{"embeddable":true,"href":"https:\/\/abdulvahitbayrakci.av.tr\/index.php?rest_route=\/wp\/v2\/pages\/21"}],"wp:featuredmedia":[{"embeddable":true,"href":"https:\/\/abdulvahitbayrakci.av.tr\/index.php?rest_route=\/wp\/v2\/media\/97"}],"wp:attachment":[{"href":"https:\/\/abdulvahitbayrakci.av.tr\/index.php?rest_route=%2Fwp%2Fv2%2Fmedia&parent=52"}],"curies":[{"name":"wp","href":"https:\/\/api.w.org\/{rel}","templated":true}]}}