{"id":56,"date":"2020-06-22T00:05:50","date_gmt":"2020-06-21T21:05:50","guid":{"rendered":"http:\/\/abdulvahitbayrakci.av.tr\/?page_id=56"},"modified":"2020-07-25T11:08:04","modified_gmt":"2020-07-25T08:08:04","slug":"sirketler-hukuku","status":"publish","type":"page","link":"https:\/\/abdulvahitbayrakci.av.tr\/?page_id=56","title":{"rendered":"\u015eirketler Hukuku"},"content":{"rendered":"\n<h1><\/h1>\n\n\n\n<p><strong>\u015eirketler hukuku; ekonomik sahadaki faaliyetlerin d\u00fczenlenmesini sa\u011flayan, \u015firket ve firmalar i\u00e7i t\u00fcm hukuksal s\u00fcre\u00e7leri belirleyen ve ticaret alan\u0131nda davran\u0131\u015flar\u0131 yasalarla \u00e7er\u00e7eveleyen bir hukuk birimidir.<\/strong><\/p>\n\n\n\n<p>T\u00fcrk Ticaret Kanunu, T\u00fcrkiye\u2019yi direkt olarak yabanc\u0131 yat\u0131r\u0131mlara da a\u00e7acak bir\u00e7ok yenili\u011fi beraberinde getirir. Yeni T\u00fcrk Ticaret Hukuku Kanunu alan\u0131nda uzmanla\u015fm\u0131\u015f olan avukatlar, bu konular\u0131 kapsayan t\u00fcm davalarla ilgilenebilecek yetkinliktedir.<\/p>\n\n\n\n<p>Ekonomik faaliyet i\u00e7inde olduk\u00e7a b\u00fcy\u00fck bir \u00f6neme sahip olan ticaretin tasarlad\u0131\u011f\u0131 ve d\u00fczenli\u011fi hukuk alan\u0131 \u015firketler ve ticaret hukuku olarak isimlendirilmektedir. Ekonominin t\u00fcm \u00fclkeyi etkilemesi ve ya\u015fama \u015feklini belirlemesi sebebiyle; ticaret ile ilgili t\u00fcm hususlar farkl\u0131 kanunlarla d\u00fczenlenmektedir.<\/p>\n\n\n\n<p>Bu kurallar\u0131n belirlenmesi sayesinde ticaret ile ilgili uyu\u015fmazl\u0131klar\u0131n ve ma\u011fduriyetlerin engellenmesi sa\u011flanmaktad\u0131r. Ticari faaliyetler hem bireyler hem de \u00fclke i\u00e7in olduk\u00e7a \u00f6nemlidir.<\/p>\n\n\n\n<p>Bu alanda meydana gelen zararlar, geri d\u00f6n\u00fclmez sonu\u00e7lar\u0131n meydana \u00e7\u0131kmas\u0131na yol a\u00e7abilir. Bundan dolay\u0131 da ticaret alan\u0131nda meydana gelen uyu\u015fmazl\u0131k ve anla\u015fmazl\u0131klarda yasal olarak haklar\u0131n aranmas\u0131 i\u00e7in \u015firketler hukuku alan\u0131nda uzmanla\u015fm\u0131\u015f ve deneyimli avukatlar ile \u00e7al\u0131\u015fmak gerekmektedir.<\/p>\n\n\n\n<h4><strong>\u015eirketler Hukuku Nedir?<\/strong><\/h4>\n\n\n\n<div class=\"wp-block-image\"><figure class=\"alignleft\"><img decoding=\"async\" src=\"http:\/\/www.burgachukuk.com\/wp-content\/uploads\/2019\/05\/sirketler-hukuku-1-300x200.jpg\" alt=\"sirketler-hukuku\" class=\"wp-image-1319\"\/><\/figure><\/div>\n\n\n\n<p>\u015eirketler hukuku, ticaret hukukunun en \u00f6nemli birimlerinden biridir. Ya\u015fam\u0131 s\u00fcrd\u00fcrmeye y\u00f6nelik olan ihtiya\u00e7lar\u0131 kar\u015f\u0131lamay\u0131 sa\u011flayan ekonomi alan\u0131nda faaliyetlerin hakkaniyetli ve sa\u011fl\u0131kl\u0131 bir \u015fekilde s\u00fcrd\u00fcr\u00fclmesi i\u00e7in bu disiplin, s\u00f6z konusu bu alandaki t\u00fcm yasalar\u0131 d\u00fczenlenmi\u015ftir.<\/p>\n\n\n\n<p>\u015eirketler aras\u0131 rekabet ya da usuls\u00fczl\u00fckleri ortadan kald\u0131rmay\u0131 ve engellemeyi sa\u011flayan bir hukuk birimi olan \u015firketler hukuku, ticari faaliyetler sebebiyle meydana gelen zararlar\u0131n ya da bor\u00e7lar\u0131n da nas\u0131l \u015fekillenece\u011fini ortaya koyar.<\/p>\n\n\n\n<p>\u015eirket faaliyetleri i\u00e7erisinde meydana gelen hukuki anla\u015fmazl\u0131klar hem \u00fclkeyi hem de \u015firketi olu\u015fturan \u015fah\u0131slar\u0131 direkt olarak etkilemektedir. Bu kapsamda bu hukuk disiplini, \u00fclke ekonomisi ve \u015fah\u0131slar\u0131n i\u015f alan\u0131ndaki hak kay\u0131plar\u0131 korumak ad\u0131na en \u00f6nemli hukuk dallar\u0131ndan biridir.<\/p>\n\n\n\n<h4><strong>\u015eirketler Hukuku Neleri Kapsar?<\/strong><\/h4>\n\n\n\n<p>\u015eirketler hukuku bir\u00e7ok alan\u0131 kapsamaktad\u0131r. Bu alanlar\u0131n ba\u015f\u0131nda k\u0131ymetli evraklar gelir. K\u0131ymetli evraklar \u00e7ek, bono, poli\u00e7e olabilir. Ticari faaliyetlerin tamam\u0131 kar etme amac\u0131yla yap\u0131lmaktad\u0131r.<\/p>\n\n\n\n<p>Kar etmeyi daha h\u0131zl\u0131 ve basit \u015fekilde sa\u011flamak i\u00e7in de k\u0131ymetli evraklar kullan\u0131l\u0131r. Ticari hayat\u0131n daha h\u0131zl\u0131 ve basit \u015fekilde i\u015flemesine olanak tan\u0131yan bu evraklar\u0131n d\u00fczenlenmesi, kullan\u0131lmas\u0131, tedav\u00fclden kalkmas\u0131 gibi t\u00fcm konular\u0131n\u0131 \u015firketler hukuku ele almaktad\u0131r.<\/p>\n\n\n\n<p>T\u00fcrk Hukuku kapsam\u0131nda \u015firket tiplerinin tamam\u0131 kanunla tespit edilmi\u015ftir. Ticaret Kanunu\u2019nda d\u00fczenlenmi\u015f olan t\u00fcm ticaret \u015firketleri, Ticaret Kanunu\u2019nun 2. Kitab\u0131nda bulunmaktad\u0131r.<\/p>\n\n\n\n<p>Buna g\u00f6re, belirli \u015firket tiplerine uymayan bir \u015firket mevcutsa, bu \u015firket Bor\u00e7lar Kanunu\u2019na g\u00f6re \u015firket say\u0131lmaktad\u0131r. Ticaret Kanunu\u2019na g\u00f6re d\u00fczenlenmi\u015f olan \u015firket tipleri ise:<\/p>\n\n\n\n<ul><li>Kollektif \u015firket,<\/li><li>Komandit \u015firket,<\/li><li>Anonim \u015firket,<\/li><li>Limited \u015firket,<\/li><li>Kooperatif \u015firket olmaktad\u0131r.<\/li><\/ul>\n\n\n\n<p>Ticaret Kanunu kapsam\u0131nda \u015firketlerin tamam\u0131 t\u00fczel ki\u015fili\u011fe sahiptir. Bu konular\u0131n tamam\u0131yla ilgilenen alan ise \u015firketler hukukudur.<\/p>\n","protected":false},"excerpt":{"rendered":"<p>\u015eirketler hukuku; ekonomik sahadaki faaliyetlerin d\u00fczenlenmesini sa\u011flayan, \u015firket ve firmalar i\u00e7i t\u00fcm hukuksal s\u00fcre\u00e7leri belirleyen ve ticaret alan\u0131nda davran\u0131\u015flar\u0131 yasalarla \u00e7er\u00e7eveleyen bir hukuk birimidir. T\u00fcrk Ticaret Kanunu, T\u00fcrkiye\u2019yi direkt olarak yabanc\u0131 yat\u0131r\u0131mlara da a\u00e7acak bir\u00e7ok yenili\u011fi beraberinde getirir. Yeni T\u00fcrk Ticaret Hukuku Kanunu alan\u0131nda uzmanla\u015fm\u0131\u015f olan avukatlar, bu konular\u0131 kapsayan t\u00fcm davalarla ilgilenebilecek yetkinliktedir. Ekonomik [&hellip;]<\/p>\n","protected":false},"author":1,"featured_media":93,"parent":21,"menu_order":6,"comment_status":"closed","ping_status":"closed","template":"","meta":[],"_links":{"self":[{"href":"https:\/\/abdulvahitbayrakci.av.tr\/index.php?rest_route=\/wp\/v2\/pages\/56"}],"collection":[{"href":"https:\/\/abdulvahitbayrakci.av.tr\/index.php?rest_route=\/wp\/v2\/pages"}],"about":[{"href":"https:\/\/abdulvahitbayrakci.av.tr\/index.php?rest_route=\/wp\/v2\/types\/page"}],"author":[{"embeddable":true,"href":"https:\/\/abdulvahitbayrakci.av.tr\/index.php?rest_route=\/wp\/v2\/users\/1"}],"replies":[{"embeddable":true,"href":"https:\/\/abdulvahitbayrakci.av.tr\/index.php?rest_route=%2Fwp%2Fv2%2Fcomments&post=56"}],"version-history":[{"count":2,"href":"https:\/\/abdulvahitbayrakci.av.tr\/index.php?rest_route=\/wp\/v2\/pages\/56\/revisions"}],"predecessor-version":[{"id":94,"href":"https:\/\/abdulvahitbayrakci.av.tr\/index.php?rest_route=\/wp\/v2\/pages\/56\/revisions\/94"}],"up":[{"embeddable":true,"href":"https:\/\/abdulvahitbayrakci.av.tr\/index.php?rest_route=\/wp\/v2\/pages\/21"}],"wp:featuredmedia":[{"embeddable":true,"href":"https:\/\/abdulvahitbayrakci.av.tr\/index.php?rest_route=\/wp\/v2\/media\/93"}],"wp:attachment":[{"href":"https:\/\/abdulvahitbayrakci.av.tr\/index.php?rest_route=%2Fwp%2Fv2%2Fmedia&parent=56"}],"curies":[{"name":"wp","href":"https:\/\/api.w.org\/{rel}","templated":true}]}}